04. Suppose 2*b - 5*b - s = -4*v, 5*v - 4*b - 55 = 0. Let n(p) = 18 + 14 + p - 5 - v. Calculate n(0).
20
Let a(u) = 4*u**2 - 3*u. Let v be (-3)/(-4)*(1 - -3). Suppose -2*z - 4*q = 0, -z + q - v = -2*z. Suppose 8 = z*p - 2*p. Give a(p).
10
Let a = -13 + 15. Let z = -144 + 149. Let w(t) = 12*t - z*t - t**2 + 2 + 2*t**3 - 10*t. What is w(a)?
8
Suppose 0 = 304*k - 302*k - 1276. Let m(x) = -12*x + x**3 + 18 + k*x**2 + 15*x - 630*x**2. What is m(-8)?
-6
Suppose -68*j = -65*j - 153. Suppose 0 = -2*b - 39 + j. Let v be (2 - b) + 4 + -4. Let s(o) = -o - 3. Determine s(v).
1
Suppose -12*y + 24*y = 24. Suppose y*u + 18 = -p, 3*p + 13 - 1 = 0. Let l(i) = i**2 + 5*i. Give l(u).
14
Suppose -c = 4, 5*x + 6*c - 11*c + 255 = 0. Suppose -4*d - 218 = 2*y, -2*y - 3 + 1 = 0. Let w = x - d. Let s(p) = 2*p**2 + 1. Give s(w).
3
Let i(q) = -13*q - 85*q**2 - 23 + 84*q**2 - 21 + 42. What is i(-11)?
20
Let n(x) = 37*x**3 + 275*x**2 - 125*x + 119. Let u(w) = -3*w**3 - 23*w**2 + 10*w - 10. Let o(b) = 2*n(b) + 25*u(b). What is o(-25)?
-12
Let l = 58 + -56. Suppose -j + 426 = l*h, 3*j + 7*h = 2*h + 1275. Let v(p) = 0*p - 428 - p + j. Give v(-8).
0
Let a(v) be the third derivative of v**5/60 + 7*v**4/24 + 7*v**3/6 - 48*v**2 + 2*v + 5. Let f(j) = -3*j + 3. Let g be f(3). What is a(g)?
1
Let k(a) be the third derivative of 1/12*a**4 + 1/20*a**5 - 13*a**2 + 0 - 1/6*a**3 + 0*a. Calculate k(1).
4
Let i be (5 - 4/4) + (6 - -1). Let h(f) = -f**3 + 10*f**2 + 14*f - 19. What is h(i)?
14
Suppose 280*r - 12 = -5*t + 283*r, 3*r + 12 = -t. Let s(a) be the third derivative of t + 0*a - 1/2*a**3 + 5/24*a**4 + a**2. Calculate s(3).
12
Let a = 1954 + -1961. Let f(z) = 2*z + 43. Determine f(a).
29
Suppose -5*x + 6*x = 9. Let l(a) = -8*a**2 - 10*a + 344 - 124 - 115 - 113 + a**3. Give l(x).
-17
Suppose -248*g + 249*g - 4*v + 44 = 0, -v - 9 = g. Let z(a) = -a**2 - 15*a + 5. What is z(g)?
-11
Let q(h) be the first derivative of -11*h**5/120 - h**4/12 - h**3/3 + 15*h + 100. Let m(x) be the third derivative of q(x). Let p be (2/4)/(2/(-8)). Give m(p).
20
Let c(t) = 4*t**2 + t - 3. Let a(h) = -16*h**2 - 2*h + 13. Let l(k) = 6*a(k) + 23*c(k). Give l(5).
-36
Let f(r) = -r + 25. Let l = -1381 + 1391. Calculate f(l).
15
Let z(x) = -x**2 + 10*x + 4. Suppose -21*t + 155 = -3205. Let p be 4 + (-104)/28 + t/28. What is z(p)?
28
Let m(g) = -g**3 + 4*g**2 + 2*g - 4. Let r(x) = -18*x + 60*x**2 - x - 65*x**2 - 31*x + 4. Let k be r(-10). What is m(k)?
4
Let r(n) be the second derivative of -n**5/60 - n**4/6 + n**3 - 4*n**2 + 17*n - 3. Let w(k) be the first derivative of r(k). Give w(-6).
-6
Let s(g) = -15*g - 110. Let a be s(-7). Suppose l + 5*h = 27, -4*l + 16 + 17 = 5*h. Let y(b) = 7 - l - b**2 + 0. What is y(a)?
-20
Let h(o) = -o**3 + 4*o**2 - 3*o. Let i = 196 + -191. Suppose 3*u - 6*u = -4*x + 6, 13 = x + i*u. Give h(x).
0
Let a(j) = -j**3 - 2*j**2 + j + 2. Let q be (4 - 1)*(6 + 5 - 8). Suppose -7 + q = -b. What is a(b)?
0
Let k be (-21 + 0)*1/(-3). Let z = 297 - 287. Let n(w) = 11*w**2 + z - w - 1 - 37*w**2 + 19*w**2 + w**3. Calculate n(k).
2
Let q(r) = r**3 - r + 2. Let g(n) = -30*n + 94. Let z be g(3). Suppose m - 3 = -l, -2*l - z*m + 7 = -3*l. Calculate q(l).
2
Let y(k) = 2*k - 7. Let m be (-1323)/(-273) - (-2)/13. Suppose 0*b = 2*b - c - 15, -3*b - m*c + 29 = 0. Give y(b).
9
Suppose -k - 1 = 4. Let p = -24 - -26. Let z(q) = 578 - 574 + p*q - q. Calculate z(k).
-1
Let r(a) = a**3 + 4*a**2 - 6*a + 4. Let s(t) = 3*t**3 + 12*t**2 + 13*t + 4. Let u be s(-2). Calculate r(u).
16
Let r(m) = -m**3 + 4*m**2 - 3*m + 6. Let t(j) = -j**3 - 28*j**2 - 25*j + 39. Let v be t(-27). Let h be (-1 - -9) + 5/(v/12). Calculate r(h).
-6
Let w(b) = 2*b**3 - 6*b**2 - 2*b + 10. Suppose -2*c + q + 3 = 0, -63*c + 66*c - q = 6. Give w(c).
4
Let p(h) be the third derivative of -5*h**2 + 2/3*h**3 + 1/2*h**4 + 0*h - 4 - 1/60*h**5. Calculate p(11).
15
Let k be 35164/2086 + (-1 - 1)/(-14). Let g(x) = -2*x**2 + 34*x - 23. Determine g(k).
-23
Let g(n) = -n**3 - 18*n**2 + 61*n - 47. Suppose -5*d = 4*a + 88 + 37, -3*d - 48 = -3*a. Determine g(d).
-5
Let y(o) = 12*o**2 + 26*o + 47. Let j(p) = -5*p**2 - 9*p - 24. Let c(x) = -5*j(x) - 2*y(x). Calculate c(11).
70
Let y be (-2 - 0)/(25/100). Let r(o) = 16*o - 17. Let j(k) = -26*k + 25. Let p(d) = 5*j(d) + 8*r(d). Give p(y).
5
Let b = -65 + -82. Let o = b - -151. Let u(h) = -2*h**2 + 2*h**2 + 2 - 5*h**2 + 2*h + 4*h**2. What is u(o)?
-6
Let j(v) be the third derivative of -v**5/60 + v**4/2 + 21*v**3/2 - 2101*v**2. What is j(17)?
-22
Let d(i) = -398 - i + 399 - i - 4*i + 4*i. Give d(-7).
15
Let s be ((-488)/732)/(1/(-9)). Let g(p) = -p**3 + 7*p**2 - 2*p - 10. Calculate g(s).
14
Let f(c) be the second derivative of -c**4/2 - 2*c**3/3 - 3*c**2/2 - 36*c + 7. Let y be (1 + 1)*(-2 + 4). Suppose -4*r = -6*r - y. Give f(r).
-19
Let d = -20995 - -20993. Let y(z) = -6*z**2 + 2. Determine y(d).
-22
Suppose 208 = -553*i + 537*i. Let t(n) = -2*n**2 - 23*n + 22. Give t(i).
-17
Let w(l) = 6*l + 19. Let u be (2961/105 + -29)/(4/30). Determine w(u).
-17
Let j(n) = n**3 + 4*n**2 - 6*n - 7. Suppose 16*b - 22*b = 22*b + 112. What is j(b)?
17
Let d(j) = 125*j**3 + 1 + j**2 + 129*j**3 - 323*j**3 + 70*j**3 - 2*j. Calculate d(-4).
-39
Let l be -2 - (2 - (34/2 - (-3 - -4))). Let c(v) = -10*v - 17. Calculate c(l).
-137
Let a(w) = -w**3 + w**2 - 43*w + 108. Let t be a(3). Let g(h) = -h**3 - 38*h**2 + 37*h - 72. Calculate g(t).
6
Let a(m) be the first derivative of m**4/4 - 7*m**3/3 - 5*m**2 + 18*m - 212. Determine a(8).
2
Suppose -7998*x + 7990*x - 56 = 0. Suppose 0 = -2*k + 2 + 6. Let w(p) = -2*p + 4 + 6 + k*p - 2. What is w(x)?
-6
Let l(j) = -6*j - 29. Let u be 8/120*-9*-5. Let p(z) = -5*z - 24. Let y(d) = u*l(d) - 4*p(d). What is y(-5)?
-1
Let y(v) = -2*v + 13 + 38 + v - 10 - 7. What is y(23)?
11
Let c(j) = -5. Let l(v) = 1. Let s(z) = z - 21. Let n = 43 - 45. Let a(f) = n*l(f) - s(f). Let p(o) = -2*a(o) - 9*c(o). Give p(-6).
-5
Let h(o) = -o**2 - 16*o + 67. Let l be h(3). Let s(m) = -m**2 + 15*m - 15. What is s(l)?
35
Let t(g) = 7*g**2 + 13*g - 11. Let m(k) = -9*k**2 - 14*k + 17. Let j(h) = -3*m(h) - 4*t(h). Give j(-9).
2
Let i(w) = -w**3 - 5*w**2 - w + 1. Let p be (-6)/4*128/48. What is i(p)?
-11
Let p(n) = 2*n**3 - 2*n**2 - 1. Let x(o) = 9*o**3 + 57*o - 23. Let j(w) = -5*p(w) + x(w). What is j(14)?
-4
Let c(v) = 3*v**3 + 16*v**2 + 20*v + 27. Let p(x) = 7*x**3 + 34*x**2 + 42*x + 56. Let m(i) = -5*c(i) + 2*p(i). Give m(-11).
32
Let d(s) = -s**3 - 22*s**2 - 43*s - 60. Let c be d(-20). Let u(j) = -j - 3. Calculate u(c).
-3
Let w(p) = -3*p**3 - 23*p**2 - 15*p - 11. Let a(l) = -16*l**3 - 118*l**2 - 75*l - 52. Let q(y) = -2*a(y) + 11*w(y). Determine q(-16).
-33
Let x = 8507 - 8506. Let z(o) = -11*o**2 + 2*o - 1. What is z(x)?
-10
Let v(c) = 90*c**2 - 26 - 73*c**2 - 108*c**2 + 89*c**2 - 52*c. What is v(-24)?
70
Let v = -2526 + 2537. Let t(u) = -8*u + 101. Calculate t(v).
13
Suppose -8 = 2*n + a, 3*n - 2*n = -5*a - 13. Let w(k) = 2*k**2 + 3129 - 1566 - 1559. Determine w(n).
22
Suppose -5*f + 7 = -8. Suppose f = 8*d - 5*d. Let w(c) be the second derivative of -19*c**5/20 + c**3/6 - c**2/2 + 45*c. Give w(d).
-19
Let c(y) = -y**3 - y**2 + 3*y - 2. Let l = -9003 + 9007. Determine c(l).
-70
Let g = -773 - -781. Suppose g = 226*s - 230*s. Let h(q) = q**3 + 3*q**2 + 4*q. What is h(s)?
-4
Let j(g) = -g + 12. Let f(v) = -20*v + 67. Let a(m) = -f(m) + 6*j(m). Determine a(-4).
-51
Let o be -16 - (2 + 24 + -45). Let r(v) be the first derivative of 2*v**3/3 - 2*v**2 + 3*v + 3. Let q(w) = 1. Let y(k) = 4*q(k) - r(k). What is y(o)?
-5
Let s(b) = 40*b - 1. Let z(r) = -r**2 + 20*r + 50. Let w be z(15). Suppose -1 = -126*g + w*g. Give s(g).
39
Let m(t) = t. Let q = -3946 + 3959. Calculate m(q).
13
Let r = -155176 - -155172. Let h(k) be the third derivative of -5*k**4/24 - 7*k**3/3 - k**2. Give h(r).
6
Let m = 187 - 182. Let y(s) = -7 + 4 + 11*s + s**2 + m + 5. What is y(-11)?
7
Suppose 0 = 36*g + 133*g - 1690. Let z(l) = 4*l**2 + 9*l + 9 - 5*l**2 + l. What is z(g)?
9
Let z(k) = 1 + 12*k**2 - 18*k**3 + 43*k**3 + 5 + 2*k - 23*k**3. Calculate z(-6).
-6
Let r(o) be the first derivative of -o**4/4 - 10*o**3/3 - o**2 - 22*o - 9547. Give r(-10).
-2
Let i(k) = -59*k**2 + 12*k - 11. Let x(h) = 153*h**2 - 32*h + 28. Let m(g) = -13*i(g) - 5*x(g). Suppo